{"id":99507,"date":"2025-08-22T13:35:52","date_gmt":"2025-08-22T11:35:52","guid":{"rendered":"https:\/\/galicianparts.com\/shop\/producto\/7075793-capuchon-cremallera-direccion-fiat-fiorino-uno-elba-nuevo-original\/"},"modified":"2025-11-24T15:28:51","modified_gmt":"2025-11-24T13:28:51","slug":"7075793-capuchon-cremallera-direccion-fiat-fiorino-uno-elba-nuevo-original","status":"publish","type":"product","link":"https:\/\/galicianparts.com\/shop\/producto\/7075793-capuchon-cremallera-direccion-fiat-fiorino-uno-elba-nuevo-original\/","title":{"rendered":"7075793 Capuch\u00f3n cremallera direcci\u00f3n Fiat Fiorino \/Uno \/Elba NUEVO ORIGINAL"},"content":{"rendered":"<p>Guardapolvo, fuelle de las rotulas axiales de la caja de servodirecci\u00f3n de:<br \/>\nDi\u00e1metro interior 1: 12mm<br \/>\nDi\u00e1metro interior 2: 43mm<br \/>\nLargo: 120mm<\/p>\n<p>FIAT &#8211; XP ELBA CSL (1991-1996)<br \/>\nFIAT &#8211; 1D UNO MONDO (1995-2010)<br \/>\nFIAT PROFESSIONAL &#8211; 3A FIORINO EXPORT (2004-2008)<br \/>\nFIAT PROFESSIONAL &#8211; 2N FIORINO RL (1993-2000)<\/p>\n<p>LA PIEZA ES NUEVA Y ORIGINAL.<\/p>\n","protected":false},"excerpt":{"rendered":"<p>Guardapolvo, fuelle de las rotulas axiales de la caja de servodirecci\u00f3n de: Di\u00e1metro interior 1: 12mm Di\u00e1metro interior 2: 43mm Largo: 120mm FIAT &#8211; XP ELBA CSL (1991-1996) FIAT &#8211; 1D UNO MONDO (1995-2010) FIAT PROFESSIONAL &#8211; 3A FIORINO EXPORT (2004-2008) FIAT PROFESSIONAL &#8211; 2N FIORINO RL (1993-2000) LA PIEZA ES NUEVA Y ORIGINAL.<\/p>\n","protected":false},"featured_media":99511,"template":"","meta":{"_seopress_robots_primary_cat":"","_seopress_titles_title":"","_seopress_titles_desc":"","_seopress_robots_index":""},"product_cat":[90,20,91,114],"product_tag":[],"class_list":{"0":"post-99507","1":"product","2":"type-product","3":"status-publish","4":"has-post-thumbnail","6":"product_cat-recambios-fiat-elba","7":"product_cat-recambios-fiat","8":"product_cat-recambios-fiat-fiorino","9":"product_cat-recambios-fiat-uno","11":"first","12":"outofstock","13":"taxable","14":"shipping-taxable","15":"purchasable","16":"product-type-simple"},"_links":{"self":[{"href":"https:\/\/galicianparts.com\/shop\/wp-json\/wp\/v2\/product\/99507"}],"collection":[{"href":"https:\/\/galicianparts.com\/shop\/wp-json\/wp\/v2\/product"}],"about":[{"href":"https:\/\/galicianparts.com\/shop\/wp-json\/wp\/v2\/types\/product"}],"wp:featuredmedia":[{"embeddable":true,"href":"https:\/\/galicianparts.com\/shop\/wp-json\/wp\/v2\/media\/99511"}],"wp:attachment":[{"href":"https:\/\/galicianparts.com\/shop\/wp-json\/wp\/v2\/media?parent=99507"}],"wp:term":[{"taxonomy":"product_cat","embeddable":true,"href":"https:\/\/galicianparts.com\/shop\/wp-json\/wp\/v2\/product_cat?post=99507"},{"taxonomy":"product_tag","embeddable":true,"href":"https:\/\/galicianparts.com\/shop\/wp-json\/wp\/v2\/product_tag?post=99507"}],"curies":[{"name":"wp","href":"https:\/\/api.w.org\/{rel}","templated":true}]}}