{"id":99602,"date":"2025-08-27T10:35:00","date_gmt":"2025-08-27T08:35:00","guid":{"rendered":"https:\/\/galicianparts.com\/shop\/producto\/4461961-bulon-piston-fiat-uno-1-3-diesel-1989-1995-nuevo-original\/"},"modified":"2025-08-27T10:38:13","modified_gmt":"2025-08-27T08:38:13","slug":"4461961-bulon-piston-fiat-uno-1-3-diesel-1989-1995-nuevo-original","status":"publish","type":"product","link":"https:\/\/galicianparts.com\/shop\/producto\/4461961-bulon-piston-fiat-uno-1-3-diesel-1989-1995-nuevo-original\/","title":{"rendered":"4461961 Bul\u00f3n pist\u00f3n Fiat Uno 1.3 DIESEL (1989-1995) NUEVO ORIGINAL"},"content":{"rendered":"<p>Pasador de uni\u00f3n del pist\u00f3n y la biela del motor de:<br \/>\nLargo: 64,4mm<br \/>\nDi\u00e1metro interior: 11mm<br \/>\nDi\u00e1metro exterior: 22mm<\/p>\n<p>FIAT &#8211; MU UNO DIESEL R\/89 (1989-1995) 1300 ASPIRADO<\/p>\n<p>LA PIEZA ES NUEVA Y ORIGINAL.<\/p>\n","protected":false},"excerpt":{"rendered":"<p>Pasador de uni\u00f3n del pist\u00f3n y la biela del motor de: Largo: 64,4mm Di\u00e1metro interior: 11mm Di\u00e1metro exterior: 22mm FIAT &#8211; MU UNO DIESEL R\/89 (1989-1995) 1300 ASPIRADO LA PIEZA ES NUEVA Y ORIGINAL.<\/p>\n","protected":false},"featured_media":99605,"template":"","meta":{"_seopress_robots_primary_cat":"","_seopress_titles_title":"","_seopress_titles_desc":"","_seopress_robots_index":""},"product_cat":[20,114],"product_tag":[],"class_list":{"0":"post-99602","1":"product","2":"type-product","3":"status-publish","4":"has-post-thumbnail","6":"product_cat-recambios-fiat","7":"product_cat-recambios-fiat-uno","9":"first","10":"instock","11":"taxable","12":"shipping-taxable","13":"purchasable","14":"product-type-simple"},"_links":{"self":[{"href":"https:\/\/galicianparts.com\/shop\/wp-json\/wp\/v2\/product\/99602"}],"collection":[{"href":"https:\/\/galicianparts.com\/shop\/wp-json\/wp\/v2\/product"}],"about":[{"href":"https:\/\/galicianparts.com\/shop\/wp-json\/wp\/v2\/types\/product"}],"wp:featuredmedia":[{"embeddable":true,"href":"https:\/\/galicianparts.com\/shop\/wp-json\/wp\/v2\/media\/99605"}],"wp:attachment":[{"href":"https:\/\/galicianparts.com\/shop\/wp-json\/wp\/v2\/media?parent=99602"}],"wp:term":[{"taxonomy":"product_cat","embeddable":true,"href":"https:\/\/galicianparts.com\/shop\/wp-json\/wp\/v2\/product_cat?post=99602"},{"taxonomy":"product_tag","embeddable":true,"href":"https:\/\/galicianparts.com\/shop\/wp-json\/wp\/v2\/product_tag?post=99602"}],"curies":[{"name":"wp","href":"https:\/\/api.w.org\/{rel}","templated":true}]}}